{"id":223,"date":"2019-09-10T12:42:14","date_gmt":"2019-09-10T11:42:14","guid":{"rendered":"http:\/\/www.goodexperience.se\/?page_id=223"},"modified":"2020-06-01T19:20:15","modified_gmt":"2020-06-01T18:20:15","slug":"warm","status":"publish","type":"page","link":"https:\/\/www.goodexperience.se\/?page_id=223","title":{"rendered":"WARMME&#x2122;"},"content":{"rendered":"\n<figure class=\"wp-block-gallery aligncenter columns-1 is-cropped wp-block-gallery-1 is-layout-flex wp-block-gallery-is-layout-flex\"><ul class=\"blocks-gallery-grid\"><li class=\"blocks-gallery-item\"><figure><img loading=\"lazy\" decoding=\"async\" width=\"188\" height=\"85\" src=\"https:\/\/www.goodexperience.se\/wp-content\/uploads\/2019\/09\/Warmme-trans.png\" alt=\"Logo\" data-id=\"185\" data-link=\"https:\/\/www.goodexperience.se\/?attachment_id=185\" class=\"wp-image-185\"\/><\/figure><\/li><\/ul><\/figure>\n\n\n\n<p style=\"font-size:32px\" class=\"has-text-align-center\"><strong>Vedeldad golvv\u00e4rme f\u00f6r terrasser<\/strong><\/p>\n\n\n<p><strong>Vad \u00e4r d\u00e5 WARMME&#x2122;?<\/strong><\/p>\n<p>Jo det \u00e4r en eldstad som h\u00e5ller dig varm p\u00e5 uteplatsen, h\u00e5ller myggen borta samt d\u00e4r du kan grilla din mat.<\/p>\n<p><strong>Hur fungerar det?<\/strong><\/p>\n<p>V\u00e4rmen utvinns ur eldstaden och genom en fl\u00e4kt f\u00f6rs den varma luften med ett r\u00f6r ner under tr\u00e4d\u00e4cket f\u00f6r att spridas genom springorna i d\u00e4cket, d\u00e4r du vill ha den.<\/p>\n<p><\/p>\n\n\n<figure class=\"wp-block-image size-large\"><img loading=\"lazy\" decoding=\"async\" width=\"927\" height=\"1024\" src=\"https:\/\/www.goodexperience.se\/wp-content\/uploads\/2020\/04\/Demo-1.jpg\" alt=\"\" class=\"wp-image-324\" srcset=\"https:\/\/www.goodexperience.se\/wp-content\/uploads\/2020\/04\/Demo-1.jpg 927w, https:\/\/www.goodexperience.se\/wp-content\/uploads\/2020\/04\/Demo-1-272x300.jpg 272w, https:\/\/www.goodexperience.se\/wp-content\/uploads\/2020\/04\/Demo-1-768x848.jpg 768w\" sizes=\"auto, (max-width: 706px) 89vw, (max-width: 767px) 82vw, 740px\" \/><\/figure>\n\n\n\n<p><strong>Showroom<\/strong><\/p>\n\n\n\n<p>Vi har showroom f\u00f6r WARMME i Stocksund samt i Grisslehamn dit du \u00e4r s\u00e5 v\u00e4lkommen f\u00f6r att f\u00e5 se den och f\u00e5 mer information. F\u00f6r att vara s\u00e4ker p\u00e5 att tr\u00e4ffa oss s\u00e5 vill vi g\u00e4rna att du h\u00f6r av dig innan och bokar tid.<\/p>\n\n\n\n<p><strong>Upplevelsen<\/strong><\/p>\n\n\n\n<p>T\u00e4nk dig att du \u00e4r ute p\u00e5 ditt tr\u00e4d\u00e4ck med dina n\u00e4ra och k\u00e4ra, du har startat med en kolb\u00e4dd och grillar maten i eldstaden.<\/p>\n\n\n\n<p>Du s\u00e4tter fram grillgallret p\u00e5 bordet s\u00e5 att maten h\u00e5lls varm,  alla kan plocka sin bit<\/p>\n\n\n\n<figure class=\"wp-block-image size-large is-resized\"><img loading=\"lazy\" decoding=\"async\" src=\"https:\/\/www.goodexperience.se\/wp-content\/uploads\/2020\/03\/Grillgaller-p\u00e5-bord.png\" alt=\"\" class=\"wp-image-267\" width=\"646\" height=\"426\" srcset=\"https:\/\/www.goodexperience.se\/wp-content\/uploads\/2020\/03\/Grillgaller-p\u00e5-bord.png 676w, https:\/\/www.goodexperience.se\/wp-content\/uploads\/2020\/03\/Grillgaller-p\u00e5-bord-300x198.png 300w\" sizes=\"auto, (max-width: 646px) 100vw, 646px\" \/><\/figure>\n\n\n\n<p> Du l\u00e4gger in n\u00e5gra vedtr\u00e4n s\u00e5 ni f\u00e5r en mysig brasa att titta p\u00e5, samtidigt som v\u00e4rmen sprider sig runt era f\u00f6tter och myggen lyser med sin fr\u00e5nvaro, \u00e4ven senare p\u00e5 kv\u00e4llen.  <\/p>\n\n\n\n<p>Detta \u00e4r en WARMME&#x2122;  <\/p>\n\n\n\n<figure class=\"wp-block-video\"><video height=\"1080\" style=\"aspect-ratio: 1920 \/ 1080;\" width=\"1920\" controls src=\"https:\/\/www.goodexperience.se\/wp-content\/uploads\/2019\/09\/Burning.mp4\"><\/video><\/figure>\n\n\n\n<ul class=\"wp-block-list\"><li> En mysfaktor med en brasa som b\u00e5de ger lite ljus och en del direktv\u00e4rme<\/li><li>En mycket bra grill, d\u00e4r du st\u00e4ller fram grillgallret p\u00e5 bordet. Naturligtvis s\u00e5 finns det en bricka under det som grillats s\u00e5 att det inte smutsar ner<\/li><li>V\u00e4rme fr\u00e5n eldstaden  tas tillvara och sprids under tr\u00e4d\u00e4cket p\u00e5 en plats du v\u00e4ljer och som kommer upp genom springorna mellan trallen s\u00e5 inga synliga delar finns<\/li><li>Du v\u00e4ljer ditt myggmedel som sprids med den varma luften, \u00e4ven den varma luften i sig h\u00e5ller m\u00e5nga borta<\/li><li>Ett sk\u00e5p d\u00e4r du f\u00f6rvarar tillbeh\u00f6r bakom d\u00f6rrar och en stor plats f\u00f6r ved<\/li><li>Stabilt byggd i cortenst\u00e5l som inte kr\u00e4ver n\u00e5got underh\u00e5ll och blir bara vackrare med \u00e5ren<\/li><li>Enkel installation av sj\u00e4lva eldstaden men r\u00f6rdragningen kan bero p\u00e5 hur det ser ut under just ditt tr\u00e4d\u00e4ck. Installationshj\u00e4lp kan erh\u00e5llas efter konsultation p\u00e5 plats. <\/li><\/ul>\n\n\n\n<div class=\"wp-block-file\"><a href=\"https:\/\/www.goodexperience.se\/wp-content\/uploads\/2019\/09\/Burning.mp4\">Burning<\/a><a href=\"https:\/\/www.goodexperience.se\/wp-content\/uploads\/2019\/09\/Burning.mp4\" class=\"wp-block-file__button\" download>Download<\/a><\/div>\n\n\n\n<figure class=\"wp-block-image size-large\"><img loading=\"lazy\" decoding=\"async\" width=\"1005\" height=\"1024\" src=\"https:\/\/www.goodexperience.se\/wp-content\/uploads\/2019\/09\/WarmMe-Front-1005x1024.jpg\" alt=\"WARMME\" class=\"wp-image-124\" srcset=\"https:\/\/www.goodexperience.se\/wp-content\/uploads\/2019\/09\/WarmMe-Front-1005x1024.jpg 1005w, https:\/\/www.goodexperience.se\/wp-content\/uploads\/2019\/09\/WarmMe-Front-294x300.jpg 294w, https:\/\/www.goodexperience.se\/wp-content\/uploads\/2019\/09\/WarmMe-Front-768x783.jpg 768w\" sizes=\"auto, (max-width: 706px) 89vw, (max-width: 767px) 82vw, 740px\" \/><\/figure>\n\n\n\n<p>Kontakta g\u00e4rna oss p\u00e5 <a href=\"mailto:warmme@goodexperience.se?subject=WARMME\u00ae\">warmme@goodexperience.se<\/a> om du har fr\u00e5gor<\/p>\n","protected":false},"excerpt":{"rendered":"<p>Vedeldad golvv\u00e4rme f\u00f6r terrasser Vad \u00e4r d\u00e5 WARMME&#x2122;? Jo det \u00e4r en eldstad som h\u00e5ller dig varm p\u00e5 uteplatsen, h\u00e5ller myggen borta samt d\u00e4r du kan grilla din mat. Hur fungerar det? V\u00e4rmen utvinns ur eldstaden och genom en fl\u00e4kt f\u00f6rs den varma luften med ett r\u00f6r ner under tr\u00e4d\u00e4cket f\u00f6r att spridas genom springorna &hellip; <\/p>\n<p class=\"link-more\"><a href=\"https:\/\/www.goodexperience.se\/?page_id=223\" class=\"more-link\">Forts\u00e4tt l\u00e4sa<span class=\"screen-reader-text\"> \u201dWARMME&#x2122;\u201d<\/span><\/a><\/p>\n","protected":false},"author":1,"featured_media":0,"parent":0,"menu_order":0,"comment_status":"closed","ping_status":"closed","template":"","meta":{"footnotes":""},"class_list":["post-223","page","type-page","status-publish","hentry"],"_links":{"self":[{"href":"https:\/\/www.goodexperience.se\/index.php?rest_route=\/wp\/v2\/pages\/223","targetHints":{"allow":["GET"]}}],"collection":[{"href":"https:\/\/www.goodexperience.se\/index.php?rest_route=\/wp\/v2\/pages"}],"about":[{"href":"https:\/\/www.goodexperience.se\/index.php?rest_route=\/wp\/v2\/types\/page"}],"author":[{"embeddable":true,"href":"https:\/\/www.goodexperience.se\/index.php?rest_route=\/wp\/v2\/users\/1"}],"replies":[{"embeddable":true,"href":"https:\/\/www.goodexperience.se\/index.php?rest_route=%2Fwp%2Fv2%2Fcomments&post=223"}],"version-history":[{"count":23,"href":"https:\/\/www.goodexperience.se\/index.php?rest_route=\/wp\/v2\/pages\/223\/revisions"}],"predecessor-version":[{"id":347,"href":"https:\/\/www.goodexperience.se\/index.php?rest_route=\/wp\/v2\/pages\/223\/revisions\/347"}],"wp:attachment":[{"href":"https:\/\/www.goodexperience.se\/index.php?rest_route=%2Fwp%2Fv2%2Fmedia&parent=223"}],"curies":[{"name":"wp","href":"https:\/\/api.w.org\/{rel}","templated":true}]}}